**2 - 344*v + 7. Is g(-6) prime?
False
Suppose 4*q + u = 7426, -5*u = -4*q + 4844 + 2594. Suppose -n + q = -3982. Is n a prime number?
True
Let i be (0 - -8 - 1036) + -3. Let f = 2078 - i. Is f composite?
False
Let q = 99884 + -51645. Is q a composite number?
False
Suppose -4*t + 0*f + 322464 = -4*f, 5*t - 403075 = 4*f. Is t composite?
False
Suppose -4*p + 2*v = -3866060, -3*p + 325*v - 326*v + 2899555 = 0. Is p a prime number?
False
Suppose 38*i = 54*i - 2575952. Is i a prime number?
True
Suppose 5*a + 5*v + 0*v + 10 = 0, -3*v = 2*a + 9. Suppose 9822 = a*l + 2*f, 4*l - 2*f - 13096 = -3*f. Suppose 53*q - 51*q - l = 0. Is q a prime number?
True
Suppose -417*d - 3*a = -413*d - 493594, -a = d - 123399. Is d a composite number?
False
Let m = -248 - -251. Suppose 68598 = 3*n - 2*d + 7*d, -68619 = -m*n + 2*d. Is n a composite number?
False
Suppose -5*m = o - 318133, -2*m = -6*m - 2*o + 254510. Suppose m = 37*x - 69537. Is x prime?
False
Suppose -27198 = 3*b - 21*b. Let i = -340 + b. Is i prime?
True
Let x be ((6 - 0) + 5)*1. Let o(f) = 4*f + 2 + 2*f**3 - 5*f + 0*f + 2 - 13*f**2. Is o(x) prime?
False
Suppose 11*f - 18288 - 240125 = 71444. Is f a prime number?
False
Let a = -48 - -48. Let b be -2 - -13*(a + 5). Is (-2)/(-7) + 127809/b a composite number?
False
Let f be 8/(-68) - 359/(-17). Suppose j - f = -5*n + 2*j, 0 = 4*n - 4*j - 4. Suppose 0 = -n*i - 4*k + 1585, -5*i - 3*k + 402 = -1188. Is i a composite number?
True
Let h = -598126 + 1006289. Is h a composite number?
True
Suppose 70182 = o - 3*q, 38*o = 40*o - 4*q - 140374. Is o a composite number?
True
Suppose 3*i - 233 = -0*o + o, -i = -o - 77. Let w be ((-2)/3)/((-13)/i). Suppose -3*v - w*g + 1217 = g, 0 = 2*v - g - 820. Is v a composite number?
False
Suppose 0 = 77*j - 80*j + 4374. Let q = 2717 - j. Is q a prime number?
True
Let z(a) = a**3 + 3*a**2 - 15*a + 21. Let j be z(-6). Is 201/6*(110 - 1 - j) a prime number?
False
Suppose 7*x = c - 112321, 13*x - 561765 = -5*c + 8*x. Is c a composite number?
False
Let a(z) = -2*z + 5. Let m be a(0). Suppose 3*j - 15192 = 5*p, 4*p - 27431 = -m*j - 2148. Is j a composite number?
False
Let y(l) = 46*l**2 - 17*l + 17. Let w(p) = p**3 + 2*p**2 + 1. Let n be w(-3). Is y(n) prime?
False
Suppose 0 = 2*w + 2*o - 41932, 101219 + 3599 = 5*w + o. Suppose 6*s = w + 7339. Is s a composite number?
True
Suppose 2*c - 9658 = c - 3*k, 0 = -c - 5*k + 9662. Suppose -4*a + c = -0*a. Is a composite?
True
Let h(j) = 7*j**2 - 14*j - 20. Let t be h(7). Let y = 22 - 21. Is -2 + y + -7 + t prime?
False
Suppose 0 = -5*n - 3*m + 331 - 106, 5*n = -2*m + 220. Is (-44018)/39*(n/4)/(-1) composite?
True
Suppose -h + 133 = -n + 2*n, 0 = -4*h. Suppose -2*j + n = 5*j. Suppose j*s - 8202 = 13*s. Is s composite?
False
Suppose 0*y - y - 10 = 5*t, -4*t - 8 = -4*y. Suppose y = h - 10 + 7. Suppose -h*o + 4636 = -6827. Is o composite?
False
Let i(j) = 44*j**3 - j**2 + j + 3. Let u be i(-2). Let z = 549 + u. Is z a composite number?
True
Suppose -3430 = 4*y - 4*f - 121170, -4*y + 3*f + 117746 = 0. Is y a prime number?
False
Suppose -3*m = -5*i + 1191439, 0 = -2*i + 6*i + 2*m - 953116. Is i a composite number?
True
Let w be (2/(-3))/(14/21). Let r be (-6 + 9)/((-2 - -4) + w). Suppose r*y + 2555 = 5*g, -2*y - 3 = -13. Is g composite?
True
Let i be (-4 - (2 - 2)) + -1188. Let k = i - -5074. Let x = 5771 - k. Is x composite?
False
Is 19 + -8 + -22 - -126132 a prime number?
False
Is ((-2)/(-4))/(-29*(-3)/143846844) prime?
False
Let h = -36227 + 64614. Is h a prime number?
True
Let p(l) = l**3 - 14*l**2 - 12*l - 42. Let k be p(13). Let q(j) = j**2 - 8*j - 27. Let t be q(11). Is (k/(-2))/(3*1/t) prime?
True
Let b(d) = 1078*d**2 + 171*d - 824. Is b(5) prime?
True
Let w = -142 - -142. Suppose w = 3*o - 2*u - 337, -7*o + 347 = -4*o - 4*u. Is o prime?
True
Let i = 5041 - 2711. Let f = i - 1539. Is f a composite number?
True
Suppose -187*j + 163*j = -6098856. Is j a prime number?
True
Let c(i) = 25 + 21 + 20 + 19*i**2 + 8 - 24*i. Is c(15) prime?
True
Let y be (2089 - -4)/(3/(-21)). Let h = y - -26308. Is h a composite number?
False
Let x(a) = 2*a**2 + 11*a + 29. Suppose 2*h + 10 + 40 = -5*g, -g - 23 = 3*h. Is x(g) a composite number?
True
Let a be 150/(-45)*(-2 - 78/15). Is (a/9 - 7)*-237 a prime number?
False
Suppose 2*y - 180 = -4*y. Suppose -y = 8*f - 18*f. Is 1/((-2)/(-4)) - f*-129 a composite number?
False
Suppose -1253 = -18*m + 17*m. Is m a prime number?
False
Suppose 12 = -3*h + 18. Suppose -h*y - 1264 = 2*y. Is (-1)/((-628)/y - 2) prime?
True
Suppose -2*j - 2*h = -159158, -4*j + 120*h - 123*h + 318316 = 0. Is j a prime number?
True
Let m(y) = 8563*y**2 + 97*y - 411. Is m(4) composite?
True
Let z(d) = 37384*d**2 + 165*d - 663. Is z(4) a prime number?
True
Suppose -2*x = 4*q - 7*x + 1191, -2*q - 5*x = 573. Let w = q + 313. Is w a composite number?
False
Let k(b) = -181*b + 21. Let x be k(17). Let u = x + 5689. Is u a prime number?
True
Let d(s) = 2*s + 7. Let f be d(0). Let q(b) = -b + 12. Let c be q(f). Suppose -175 = -c*p + 10. Is p a prime number?
True
Suppose 2*q = 5*q + 4*c - 38, -3*c = 5*q - 45. Is (-1)/(-10)*q - (-3128)/20 a prime number?
True
Let n be (-3)/(-4) + ((-957)/12)/(-11). Suppose -y - 2 - n = -4*d, 4*d = -3*y + 18. Suppose -2335 = -y*o - 3*o. Is o a composite number?
False
Suppose -8*x + 7*x + 8 = 0. Let a = 5 - x. Is 5/(-5) - (-2 - a - 399) a prime number?
True
Suppose 14*d + 53 = -45. Is (-253895)/(-40) + ((-63)/(-24))/d composite?
True
Let k = 294264 - 170563. Is k composite?
False
Suppose -5*f + 21 = -4*v, -f + v + 61 = 57. Let m = 5 - 3. Suppose 0 = -m*b + 5*l + 66 + 28, -f*b - 5*l = -165. Is b a prime number?
True
Suppose 4*z - 1738998 = o, 2*z - 46*o = -43*o + 869484. Is z composite?
True
Let h(d) = -5041*d**3 + 2*d**2 + 4*d - 2. Is h(-3) composite?
False
Let n be (((-12)/(-16))/(-3) - -8)*12. Let u = n + -141. Let r = 23 - u. Is r a composite number?
False
Suppose 111*f - 43*f - 115991251 = -249*f. Is f composite?
False
Suppose -2*t + 138445 = 33719. Suppose -91067 - t = -30*b. Is b a composite number?
True
Let p(o) = -31132*o + 841. Is p(-7) prime?
False
Let y(x) = -167*x**3 + 2*x**2 - 3*x - 9. Suppose 79*i = 82*i + 12. Is y(i) prime?
True
Suppose 16*a - 12*a - m = 1735381, 2*a - 867715 = -3*m. Is a a composite number?
False
Let g(u) = 60*u**2 - 11. Let q be (-4 - 42/24) + 3/(-12). Is g(q) a composite number?
True
Suppose 3*n + 351903 = 54468. Is 24/20 + n/(-25) prime?
True
Suppose -5222*u + 5265*u = 8051191. Is u composite?
False
Suppose -4*j = w - 92793, -5*w = -2*j - 578425 + 114350. Suppose -5*c = -51842 - w. Is c a composite number?
True
Let j = -270 - -280. Let q(z) = 5*z**3 + 11*z**2 - 14*z - 7. Is q(j) a prime number?
True
Let g(z) = 2136*z - 146. Let h be g(-4). Let f = -5875 - h. Is f a composite number?
True
Let n be 3008/((-133)/(-28) + -7 + 2). Let w = -5545 - n. Is w prime?
False
Is 563078*(-22 - 779/(-38) - (-3 + 1)) a composite number?
False
Let l = 1369349 - 367822. Is l a prime number?
True
Let m(j) be the second derivative of -193*j**5/4 - 5*j**3/6 - 3*j**2/2 + j - 2. Is m(-1) a composite number?
False
Let g(h) = 23194*h**2 - 55*h + 1. Is g(-2) a composite number?
True
Is 20/(-40) - (5 - (-629402)/(-4)) composite?
True
Suppose -19*m + 16*m + 54 = 0. Suppose m*t - 21*t - 24 = 0. Is 0 + 3909/45 + t/(-60) prime?
False
Suppose -9*p + 7*p = 6*p - 1111592. Is p composite?
True
Let r(m) be the second derivative of -401*m**3/6 - 53*m**2 + 14*m. Is r(-21) prime?
False
Let q(g) = 3*g**2 + 172*g - 1375. Is q(102) a composite number?
False
Suppose 0 = 8*t - 1665 - 239. Let m = t + -203. Is m a composite number?
True
Let y be (-1)/(-2) + 374605/(-110). Let k = y - -6274. Is k composite?
True
Let b be (36/(-30))/(-3) + 20212/20. Let v = 9134 - b. Is v prime?
True
Is 5543541/45 + 13 - 4/(-40)*2 prime?
True
Is (-24)/(-30) + -7 + 1608816/5 a prime number?
True
Let b be (3*2)/(1 + 20/(-15)). Let s = 30 + b. Suppose -17*i + 705 = -s*i. Is i prime?
False
Suppose -72420 + 15863 = -23*y. Is y prime?
True
Let l(n) = 7*n**3 + n**2 + 3*n - 2. Let h(o) = 4*o**2 - 4. Let s be h(2). Suppose 4*t = -0 + s. Is l(t) a composite number?
True
Let x = 2392 - -8545. Is x a prime number?
True
Let o(p) = -121*p - 19. Let q be o(-6). Let g be 5 + -2 + -515 + 0. Let d = q - g. Is d a compo